t is 5 + (-5 + -1 + -3 - -5)?
1
What is the value of -3 - 2 - -8 - 5?
-2
What is the value of 4 - (3 + (-6 - (0 - 5)))?
2
Evaluate (-3 + 11 + -4 - 5) + 2.
1
Calculate 4 + (-7 - -7) - 9.
-5
Evaluate 8 - (5 - (-3 + 3) - 1).
4
6 - 20 - (-16 + 4)
-2
-3 + (5 + -1 - (-13 + 15))
-1
10 + (-1 + 3 - (-46 - -52))
6
What is -5 - (-2 + 2 + -4)?
-1
Evaluate (7 - 6) + (2 - 5 - -4).
2
What is the value of 0 + (3 - (0 - -1)) + 4?
6
Evaluate -23 - (-1 + -21 - -8).
-9
Calculate -7 - (2 + -9 - -2).
-2
Evaluate 4 - 0 - (22 + -19).
1
-5 - (8 - 15 - -1)
1
What is the value of 8 + -11 + -1 + 1?
-3
-18 + 15 - (1 - (-6 - -1))
-9
Calculate 102 - 97 - (-1 - -5) - 3.
-2
What is the value of 4 - (5 - 3) - (6 + -1)?
-3
8 - (3 - -12) - -6
-1
Evaluate 1 - (-4 + (6 - (3 + 3))).
5
Calculate -2 + 4 + -8 + 5.
-1
-4 + 5 + -3 + 2 + 4
4
Evaluate -6 + (6 - 9) + 2 + 5.
-2
Calculate -3 - (6 + -5 - (3 - 1)).
-2
What is the value of (27 - 32) + (-1 - 3)?
-9
What is the value of 4 + -2 + -5 + 1?
-2
-6 + (-7 - (-10 + -6))
3
23 - 16 - (6 + -1)
2
What is the value of 2 + (-1 - 1) + -3 + 3?
0
-7 - (-5 - -4 - -1) - -1
-6
Evaluate 5 - (-1 + (8 - 2)).
0
(17 - 18) + 5 + -2
2
What is (7 - 1) + (-2 - (3 + -5))?
6
What is 0 + (-2 - -1) + (-11 - -12)?
0
Evaluate -2 - -6 - (1 - (-6 + 5)).
2
Evaluate -5 + -2 - (-3 + 1 + 2).
-7
Calculate 10 + (-1 - 4) + -13 + 7.
-1
-1 - (-8 + (4 - 1) + 9)
-5
Calculate 4 + (2 - 5) + (0 - -4).
5
-4 + 5 + (2 - 2)
1
Calculate 4 - (1 - 2 - -4) - -2.
3
Evaluate -5 - (2 + 0 + -3 + 1).
-5
Calculate -1 - ((1 - 2) + (-15 - -11)).
4
Calculate 1 - (-3 + 2 + 8 - 2).
-4
What is the value of -8 + 0 + 7 - 4 - -7?
2
Calculate -8 - (-2 + 4 - (5 - 1)).
-6
Calculate 10 + -11 - (6 + -8).
1
Calculate -2 - -2 - (1 + 4) - -4.
-1
What is the value of 1 + (4 - (3 + 1))?
1
Evaluate 3 + 3 - (17 - (-1 + 3)).
-9
Evaluate 3 - (1 - -5 - 7).
4
What is (1 - -2) + 9 + -3 + -8?
1
-2 + 1 - (15 + -19)
3
What is 11 + 1 - (6 - -5)?
1
9 - (-3 + 9) - 6
-3
What is 7 + -1 + (15 - 4 - 19)?
-2
What is the value of (-9 - -26) + -17 - (0 + -6)?
6
What is the value of -5 + (-8 - (5 + 3 - 13))?
-8
Calculate 5 + (-5 - 1) - -5.
4
Evaluate -9 - (-6 + 2 - 1).
-4
Calculate (1 - 3) + -20 + 21.
-1
What is the value of -1 + -2 - (1 + -8)?
4
What is the value of 10 - (2 - -7 - -9)?
-8
Calculate 0 - 13 - (9 + -18).
-4
Evaluate 5 - ((-5 - -4) + 2).
4
What is the value of 2 + 2 - (6 + -6)?
4
-2 + (13 - (-5 + 11))
5
What is 1 + -4 + (-8 - -4 - -12)?
5
Calculate 2 + 2 - (16 - 8).
-4
Calculate (0 - (0 + -3 - -3)) + 1.
1
What is the value of 4 + (-7 - 0) - 0?
-3
Calculate 0 + 6 + 18 + -20.
4
Evaluate (50 + -43 - (-2 + 6)) + -13.
-10
Calculate (5 - (8 - -1 - 3)) + 1.
0
What is 1 - -3 - (-61 + 71)?
-6
What is -3 + ((-1 - 0) + 3 - 2)?
-3
What is the value of -2 + (2 - 0) + 0 + -3?
-3
What is -5 + (6 - 3) - -4?
2
What is -6 + (9 - 5) - -4?
2
0 + -2 + (-5 - -3)
-4
-5 - (0 + -1) - -8
4
Calculate -3 + (2 - -1) - (3 + -1).
-2
What is (0 - 2) + 6 - 1?
3
Calculate -11 + (-17 - -11 - -7).
-10
Calculate 1 - (-6 - -3) - 3.
1
What is the value of (5 - 4) + -7 - -3?
-3
What is the value of 14 - (8 + (9 - 12))?
9
Evaluate 5 + (-7 - -4) + 0 - -1.
3
What is the value of -2 - 0 - ((-14 - -4) + 18)?
-10
Evaluate (-2 - -3) + (-6 - -8).
3
What is the value of (310 - 301) + (-2 - 1)?
6
What is 1 - 0 - (6 + 1 - 4)?
-2
Calculate 0 + (-1 - -1 - 7).
-7
What is (-6 - -15) + -21 + 6?
-6
4 + 1 + 4 + -2 + -12
-5
Calculate (7 - 17) + (6 - -5).
1
Calculate -8 + -1 + 4 - -6 - 10.
-9
Evaluate -6 + 4 + 2 - 4.
-4
Evaluate -3 + -2 + 3 - 3 - 2.
-7
Evaluate 2 - (3 + 3 + 0).
-4
What is -1 - (1 - 1) - (29 + -26)?
-4
What is the value of 6 - 12 - (-4 - 3)?
1
Evaluate (-12 - (1 + -4)) + 4 + 11.
6
What is the value of 7 - (-3 - -11) - -3?
2
What is 8 + -5 + -8 - (1 + -1)?
-5
What is 4 + -6 + -1 + -2?
-5
Evaluate 54 - 57 - (1 - (2 + -1)).
-3
Evaluate 49 - 53 - (-3 - 1) - 4.
-4
Evaluate -8 + 5 + -5 + 14 + -14.
-8
What is -17 + 19 - (-2 + -1) - 3?
2
Evaluate (2 - (8 - (0 + 6))) + -7.
-7
-2 + -1 + (21 - 20)
-2
Calculate 2 - (14 + 8 + -10).
-10
Evaluate (-2 - -3) + (0 - -13) + -14.
0
What is -4 + 2 + 7 + -9?
-4
What is -1 - (2 + (9 - 7))?
-5
Evaluate 5 + (-18 - (-7 - (-1 - 0))).
-7
Evaluate -2 - (-4 + 5) - -2.
-1
Calculate -12 - (-2 + (0 - 4) + -1).
-5
What is the value of -4 + -3 + 8 + -10 + 8?
-1
What is -1 + (9 + -6 - -2)?
4
Calculate -3 + -2 + 1 - (4 + -4).
-4
What is the value of -5 - (-2 + -4 - 3)?
4
-9 - -5 - 1 - -2
-3
Evaluate 13 + -13 + (1 - (1 - -3)).
-3
(-1 - 2) + 4 + -5 + 10
6
What is 6 + -1 + -1 + -4?
0
Evaluate 6 - 0 - (6 + -5).
5
What is -4 - -4 - (7 - 4)?
-3
Calculate -3 + 1 + 5 + -1.
2
Evaluate 0 + -7 + (3 - 2) + 3.
-3
What is -6 + 0 + 1 + 0 + 3?
-2
Evaluate -12 + 6 + 0 + 2.
-4
Evaluate -4 + (0 - -3) + 3.
2
What is the value of -3 + -1 + 3 + 0 - -6?
5
Evaluate (-1 - 0 - 1) + 3.
1
Evaluate -2 - (-9 + 4 + 0) - -2.
5
Evaluate -8 + (-7 - -12) + (-3 - -1).
-5
0 + (-2 - -2) + (3 - 3)
0
What is the value of (-6 - -2) + (4 - (5 - 7))?
2
What is the value of -2 - (-1 + -4) - (8 + -4)?
-1
Calculate 0 + -4 + 6 + -1 + -6.
-5
Calculate -2 - (0 - (4 - 3)).
-1
Evaluate -4 + 2 - -2 - 0 - 1.
-1
What is the value of -4 + -2 + 9 + -4?
-1
Calculate -6 + 6 - (-4 - 0).
4
What is 5 + 3 + (-5 - 2)?
1
Evaluate 0 - (9 - 4) - (1 + -4).
-2
What is 0 - ((-2 - -2) + -4)?
4
What is 0 + 11 - (-118 + 122)?
7
What is 11 + (-7 - 15) + 5?
-6
What is -3 - (-12 + 1 + 4)?
4
(31 - 5 - 13) + -11
2
-70 - -58 - (0 - 13)
1
2 + 8 + 7 - (13 + -6)
10
Evaluate 4 - 0 - (2 - -2).
0
Evaluate 9 - (6 + (-2 - -3)).
2
What is the value of -2 - (7 - (-4 + 8))?
-5
What is the value of 2 - (3 + -2 - (1 + 3))?
5
Calculate -31 - -27 - (1 + 0).
-5
6 - (-9 + 5 - -11)
-1
-6 + 19 + -10 + -2
1
1 - 0 - (5 - 11 - -10)
-3
What is (-3 - (8 - 18)) + -6?
1
Evaluate 4 + 0 + (5 - 11) + 5.
3
Evaluate -2 - ((-4 - -1 - -10) + -4).
-5
What is -7 - (-2 - (-5 - -3 - -5))?
-2
What is 8 + -13 + 3 + (-3 - -3)?
-2
Calculate 36 + -35 - (1 + 0).
0
Evaluate -3 - 1 - (2 + -4).
-2
Calculate (0 - ((-3 - -3) + 1)) + 3.
2
Evaluate 8 + 13 + -7 + -11.
3
Evaluate 17 + -7 + -7 - -3.
6
7 - (-7 + 14 + -10)
10
What is the value of 4 - ((-5 + 9 - 5) + -1)?
6
What is 3 + 3 - (-2 - (-4 - 0))?
4
Evaluate 0 + 1 + 85 + -86.
0
5 - 2 - (3 - (7 + -2))
5
What is the value of 0 - (-6 + -1 + 1) - 2?
4
Calculate -2 - 1 - 0 - -4.
1
8 + -10 - 10 - -7
-5
What is the value of 5 + (10 - (-11 - -20))?
6
What is the value of -5 + (-2 - 0) + (-1 - -3)?
-5
What is the value of -5 + 3 + 0 - (-9 + 2)?
5
-28 - -24 - (-2 + -1 + -3)
2
What is (8 - (-9 - -4)) + (8 - 14)?
7
5 + 3 + -12 + 2
-2
Calculate 2 + 2 + (-1 - (-3 + 2)).
4
-6 - -1 - (-29 + 21)
3
What is -8 + -2 - (-27 + 20) - -7?
4
Calculate (-2 - 3) + -3 + 1.
-7
Evaluate (2 - 8) + 4 + 6.
4
Evaluate -11 - -10 - (3 - 2 - 2).
0
What is the value of (2 - (-5 + 1 + 9)) + 5?
2
Evaluate 4 - (2 - (-1 + 1 + -1)).
1
What is 3 + -3 + -4 - 7 - -5?
-6
Evaluate 2 + -14 + -1 + 7 + 15.
9
Evaluate -8 - ((-3 - 1) + 0).
-4
What is -2 + (1 - 8 - -12)?
3
-4 + 8 + 3 + -10
-3
What is the value of -45 + 63 - (13 - -2)?
3
(-1 - 8) + 6 + 2 + 5
4
(2 - 2 - -3) + (-2 - -2)
3
Evaluate (4 - -1) + 0 - (4 + -2).
3
What is -3 + (5 - (1 + 0 + 4))?
-3
(1 - 4) + (4 - 2) + -1
-2
What is the value of -10 - (-27 + 2 - -14)?
1
1 - (-6 - (6 - 14))
-1
((-2 - -5) + 0 - 5) + 4
2
What is the value of 1 - (-5 - (1 + 0 - 3))?
4
Evaluate -4 + -2 + 3 + -7 + 8.
-2
Evaluate -6 + 11 - -2 - 9 - 5.
-7
What is the value of (-8 - (3 + -7)) + 10?
6
What is -3 + 7 + -2 - (-2 + 3)?
1
(-4 - -6 - 10) + 3
-5
(45 - 42) + (1 - 7)
-3
What is the value of -4 - (5 + -5 + 2 - 8)?
2
Evaluate 18 + (-4 - 1) - 7.
6
Calculate 0 + (-1 - 1 - (0 + 1)).
-3
-14 + 10 - (-1 + 0)
-3
(-2 - -1) + (-9 - -5) + 1
-4
Evaluate 2 - (-7 - (2 - (5 - -2))).
4
-1 + -2 + -6 + 4 + -2
-7
-3 + 1 + (3 - 0)
1
What is -8 - (-9 - (-5 + -3))?
-7
What is (1 - 2) + (29 - 25)?
3
Calculate -1 + 3 + -2 + (6 - 4).
2
What is the value of -6 - (-6 + -5) - 10?
-5
What is -2 + -3 - 6 - -4?
-7
Evaluate -15 + -5 - (0 + -4) - -8.
-8
What is the value of 9 + -4 + -11 - -4?
-2
Evaluate (-12 + 9 - (-7 + -1)) + -2.
3
What is the value of -4 + 0 + 7 + (-4 - -1)?
0
Calculate 9 + -10 + 7 - (9 + -1).
-2
Calculate 8 + -1 + (-5 - -6 - 1).
7
What is the value of 1 - (2 + -3 + 2)?
0
Calculate -2 + -2 + 5 + -4.
-3
Evaluate -5 + (8 - -1 - 5).
-1
What is the